hat is 2 (base 3) in base 5?
2
What is -35 (base 9) in base 14?
-24
What is 3 (base 9) in base 16?
3
-116 (base 7) to base 14
-46
17 (base 10) to base 3
122
What is -110 (base 6) in base 5?
-132
What is 3 (base 16) in base 9?
3
Convert 11 (base 4) to base 14.
5
-10b (base 12) to base 8
-233
3 (base 13) to base 7
3
What is 7 (base 12) in base 15?
7
Convert -282 (base 10) to base 3.
-101110
79 (base 15) to base 5
424
Convert 202 (base 3) to base 16.
14
What is -1110011 (base 2) in base 15?
-7a
Convert -3 (base 4) to base 7.
-3
Convert -11 (base 8) to base 2.
-1001
-3 (base 12) to base 14
-3
-141 (base 9) to base 16
-76
Convert 14 (base 7) to base 13.
b
What is 59 (base 12) in base 6?
153
Convert -9 (base 10) to base 15.
-9
What is 140 (base 5) in base 8?
55
What is 20 (base 11) in base 3?
211
Convert -1001110 (base 2) to base 3.
-2220
Convert -7e (base 15) to base 16.
-77
3 (base 9) to base 4
3
Convert 31 (base 8) to base 2.
11001
-99 (base 11) to base 9
-130
What is -10 (base 4) in base 8?
-4
-11 (base 2) to base 8
-3
16 (base 7) to base 10
13
Convert 0 (base 9) to base 12.
0
Convert 5 (base 14) to base 4.
11
What is 78 (base 13) in base 12?
83
What is 1b (base 12) in base 11?
21
13 (base 7) to base 4
22
What is -203 (base 6) in base 13?
-5a
What is 1001001 (base 2) in base 8?
111
What is 9d (base 15) in base 4?
2110
What is 22 (base 3) in base 10?
8
-6 (base 8) to base 7
-6
Convert 3 (base 10) to base 14.
3
21 (base 13) to base 5
102
Convert -13 (base 8) to base 6.
-15
26 (base 10) to base 2
11010
21 (base 8) to base 15
12
-36 (base 8) to base 9
-33
Convert -1 (base 13) to base 2.
-1
-11 (base 3) to base 5
-4
What is 3 (base 8) in base 11?
3
a (base 12) to base 16
a
What is 8 (base 13) in base 5?
13
6 (base 10) to base 13
6
Convert -1 (base 3) to base 12.
-1
Convert 24 (base 7) to base 5.
33
-11 (base 6) to base 2
-111
What is 0 (base 9) in base 16?
0
What is 14 (base 7) in base 8?
13
3 (base 13) to base 2
11
-3 (base 5) to base 14
-3
78 (base 16) to base 2
1111000
18 (base 16) to base 3
220
Convert -111 (base 2) to base 13.
-7
Convert -67 (base 16) to base 14.
-75
Convert 11 (base 12) to base 13.
10
-9 (base 12) to base 2
-1001
What is -142 (base 5) in base 10?
-47
What is 20 (base 6) in base 12?
10
131 (base 4) to base 13
23
-4 (base 15) to base 7
-4
Convert 11 (base 2) to base 10.
3
10 (base 5) to base 8
5
What is 1a (base 16) in base 7?
35
Convert 0 (base 9) to base 13.
0
-5 (base 9) to base 8
-5
0 (base 3) to base 5
0
200 (base 3) to base 13
15
Convert 0 (base 9) to base 7.
0
-7 (base 12) to base 6
-11
What is 38 (base 16) in base 8?
70
Convert 22 (base 16) to base 9.
37
10 (base 5) to base 3
12
Convert 2 (base 3) to base 15.
2
What is 41 (base 6) in base 3?
221
Convert 0 (base 8) to base 2.
0
Convert -23 (base 9) to base 5.
-41
8 (base 11) to base 14
8
What is 2 (base 14) in base 10?
2
-1a7 (base 12) to base 15
-131
Convert -2 (base 3) to base 4.
-2
What is -3 (base 16) in base 13?
-3
Convert 1b (base 14) to base 7.
34
What is 2e (base 15) in base 14?
32
What is 1000 (base 3) in base 12?
23
114 (base 6) to base 16
2e
What is -1010100 (base 2) in base 11?
-77
Convert 2 (base 8) to base 12.
2
Convert -111010 (base 2) to base 5.
-213
12 (base 7) to base 10
9
What is -1d (base 15) in base 9?
-31
What is -104 (base 8) in base 2?
-1000100
Convert -111 (base 2) to base 3.
-21
-110110 (base 2) to base 4
-312
What is 88 (base 16) in base 14?
9a
Convert -13 (base 6) to base 2.
-1001
Convert 1201 (base 3) to base 4.
232
What is 8 (base 13) in base 15?
8
-4 (base 10) to base 13
-4
-3 (base 4) to base 8
-3
What is 21 (base 12) in base 8?
31
What is 1 (base 13) in base 3?
1
What is 8 (base 10) in base 9?
8
0 (base 6) to base 9
0
Convert -640 (base 7) to base 16.
-142
-2 (base 9) to base 13
-2
What is -18 (base 13) in base 6?
-33
What is 111011 (base 2) in base 11?
54
Convert -1 (base 4) to base 13.
-1
43 (base 5) to base 6
35
Convert -1011 (base 3) to base 8.
-37
Convert 33 (base 7) to base 15.
19
What is 124 (base 6) in base 4?
310
Convert -5 (base 16) to base 13.
-5
0 (base 8) to base 14
0
3 (base 4) to base 5
3
Convert a (base 16) to base 5.
20
-11010 (base 2) to base 9
-28
1c (base 13) to base 10
25
Convert 10220 (base 3) to base 14.
77
Convert 9 (base 16) to base 8.
11
Convert -5 (base 11) to base 12.
-5
Convert -a5 (base 11) to base 13.
-8b
-3 (base 13) to base 11
-3
What is -1011 (base 2) in base 16?
-b
Convert -100 (base 5) to base 8.
-31
What is 110 (base 3) in base 13?
c
3 (base 13) to base 9
3
What is 21 (base 3) in base 16?
7
-1 (base 2) to base 11
-1
Convert 128 (base 9) to base 2.
1101011
105 (base 11) to base 14
90
-13 (base 9) to base 6
-20
What is b5 (base 13) in base 15?
9d
2 (base 7) to base 15
2
Convert -13 (base 6) to base 9.
-10
Convert 15 (base 6) to base 13.
b
Convert 36 (base 14) to base 10.
48
1001 (base 2) to base 11
9
Convert -1a (base 13) to base 7.
-32
Convert -3 (base 8) to base 16.
-3
-f (base 16) to base 15
-10
Convert -66 (base 10) to base 2.
-1000010
What is 101 (base 2) in base 13?
5
What is -12 (base 3) in base 10?
-5
Convert 49 (base 14) to base 6.
145
Convert fb (base 16) to base 14.
13d
What is 103 (base 11) in base 10?
124
What is -32 (base 4) in base 13?
-11
-2 (base 16) to base 15
-2
Convert 3c (base 14) to base 10.
54
What is 440 (base 7) in base 3?
22022
0 (base 7) to base 10
0
Convert -10 (base 5) to base 14.
-5
What is -132 (base 4) in base 13?
-24
What is a (base 13) in base 4?
22
Convert 1000111 (base 2) to base 15.
4b
Convert -20 (base 4) to base 12.
-8
-22 (base 13) to base 10
-28
-17 (base 16) to base 5
-43
-315 (base 9) to base 7
-515
What is 53 (base 10) in base 11?
49
-28 (base 11) to base 7
-42
-11011 (base 2) to base 7
-36
1 (base 14) to base 3
1
Convert 1 (base 11) to base 15.
1
What is 26 (base 7) in base 15?
15
What is -13 (base 6) in base 2?
-1001
What is 0 (base 2) in base 7?
0
What is 11 (base 11) in base 10?
12
-17 (base 13) to base 10
-20
Convert -30 (base 8) to base 16.
-18
What is 1 (base 11) in base 3?
1
What is 100 (base 2) in base 6?
4
Convert -23 (base 11) to base 2.
-11001
What is 3 (base 6) in base 2?
11
Convert a (base 11) to base 16.
a
85 (base 13) to base 14
7b
Convert 18 (base 10) to base 12.
16
Convert 2 (base 8) to base 3.
2
What is -3 (base 5) in base 8?
-3
-230 (base 4) to base 14
-32
What is 122 (base 5) in base 16?
25
Convert 111 (base 5) to base 9.
34
What is 6 (base 11) in base 5?
11
-101121 (base 3) to base 10
-286
What is -2 (base 10) in base 5?
-2
Convert -68 (base 15) to base 8.
-142
What is 2 (base 14) in base 6?
2
What is 0 (base 10) in base 4?
0
19 (base 14) to base 13
1a
Convert -2 (base 12) to base 16.
-2
-10001 (base 2) to base 5
-32
-54 (base 8) to base 10
-44
1 (base 13) to base 8
1
What is -2 (base 14) in base 11?
-2
What is -11 (base 9) in base 13?
-a
10 (base 6) to base 4
12
What is 10 (base 5) in base 14?
5
What is 0 (base 8) in base 4?
0
-110 (base 6) to base 5
-132
Convert 1010 (base 2) to base 9.
11
What is 11 (base 12) in base 5?
23
Convert -111 (base 2) to base 6.
-11
-148 (base 11) to base 2
-10101101
-72 (base 14) to base 12
-84
3 (base 10) to base 12
3
Convert -6 (base 7) to base 3.
-20
Convert 41 (base 7) to base 6.
45
2 (base 16) to base 14
2
Convert 100 (base 5) to base 8.
31
What is 13 (base 16) in base 9?
21
0 (base 10) to base 13
0
49 (base 15) to base 12
59
-102 (base 9) to base 10
-83
Convert -103 (base 7) to base 9.
-57
What is 62 (base 11) in base 9?
75
0 (base 13) to base 8
0
149 (base 10) to base 3
12112
-1 (base 14) to base 16
-1
Convert cd (base 16) to base 14.
109
Convert 0 (base 11) to base 6.
0
324 (base 5) to base 13
6b
-1102 (base 4) to base 13
-64
Convert 0 (base 16) to base 14.
0
What is -121 (base 7) in base 12?
-54
What is 2 (base 13) in base 5?
2
1301 (base 4) to base 2
1110001
113 (base 9) to base 8
135
-3 (base 15) to base 12
-3
-1105 (base 6) to base 8
-401
Convert 6 (base 9) to base 7.
6
Convert -13 (base 6) to base 3.
-100
What is -60 (base 7) in base 3?
-1120
Convert 8 (base 12) to base 5.
13
Convert -102012 (base 3) to base 5.
-2202
What is -7 (base 13) in base 11?
-7
Convert -16 (base 13) to base 11.
-18
-16 (base 12) to base 3
-200
-16 (base 15) to base 8
-25
Convert 3 (base 11) to base 4.
3
0 (base 5) to b